21874410.
2, 5, 7, 1741063
What are the prime factors of 350993310?
2, 3, 5, 2801, 4177
List the prime factors of 214193124.
2, 3, 101, 58909
What are the prime factors of 27670634?
2, 89, 155453
List the prime factors of 452402067.
3, 13, 127, 241, 379
List the prime factors of 2630188137.
3, 876729379
What are the prime factors of 1472315365?
5, 294463073
What are the prime factors of 90003194?
2, 977, 46061
List the prime factors of 90590981.
13, 43, 162059
What are the prime factors of 547966223?
7, 29, 2699341
List the prime factors of 9252805.
5, 1850561
List the prime factors of 675452611.
149, 4533239
List the prime factors of 906840188.
2, 719, 315313
What are the prime factors of 10316255?
5, 2063251
List the prime factors of 81007817.
11, 23, 29, 61, 181
What are the prime factors of 6092562390?
2, 3, 5, 1069, 189977
List the prime factors of 53207455.
5, 7, 1520213
What are the prime factors of 764368871?
7, 103, 1060151
What are the prime factors of 391086171?
3, 7, 2069239
What are the prime factors of 62834888?
2, 7854361
List the prime factors of 3389733818.
2, 1694866909
List the prime factors of 483057634.
2, 19, 47, 179, 1511
List the prime factors of 5355433729.
97, 1879, 29383
What are the prime factors of 775842737?
775842737
List the prime factors of 3260198044.
2, 239, 3410249
What are the prime factors of 26528764?
2, 43, 89, 1733
What are the prime factors of 233794610?
2, 5, 7, 137, 24379
List the prime factors of 1801644.
2, 3, 13, 11549
What are the prime factors of 3911887612?
2, 17, 57527759
What are the prime factors of 749562518?
2, 103, 3638653
What are the prime factors of 23626400?
2, 5, 7, 4219
What are the prime factors of 222319897?
17, 769273
What are the prime factors of 830638?
2, 415319
List the prime factors of 90737304.
2, 3, 7, 271, 1993
List the prime factors of 7462338.
2, 3, 13, 29, 3299
List the prime factors of 1677495433.
1657, 1012369
List the prime factors of 8728883760.
2, 3, 5, 53, 137, 5009
What are the prime factors of 408953811?
3, 7, 73, 266767
What are the prime factors of 422748003?
3, 140916001
List the prime factors of 395677459.
31, 12763789
List the prime factors of 513942223.
4721, 108863
What are the prime factors of 19540969?
7, 41, 68087
List the prime factors of 2780287780.
2, 5, 17, 53, 277, 557
What are the prime factors of 167978929?
167978929
List the prime factors of 1196166871.
223, 5363977
What are the prime factors of 472855297?
47, 10060751
List the prime factors of 770128360.
2, 5, 37, 520357
List the prime factors of 4015346082.
2, 3, 11, 1283, 47419
What are the prime factors of 36252729?
3, 139, 28979
What are the prime factors of 2262964903?
53, 42697451
List the prime factors of 7599265.
5, 89, 17077
What are the prime factors of 640831359?
3, 7, 23, 27077
List the prime factors of 9990247.
653, 15299
What are the prime factors of 355239423?
3, 7, 11, 46601
List the prime factors of 41123822.
2, 20561911
What are the prime factors of 189961213?
13, 17, 859553
What are the prime factors of 39490951?
37, 47, 22709
List the prime factors of 504098910.
2, 3, 5, 7, 266719
What are the prime factors of 747212925?
3, 5, 9962839
List the prime factors of 197774730.
2, 3, 5, 31, 23629
List the prime factors of 5653346893.
23, 245797691
What are the prime factors of 50150703?
3, 16716901
List the prime factors of 277796451.
3, 3617, 25601
List the prime factors of 701245326.
2, 3, 59, 1980919
What are the prime factors of 592538400?
2, 3, 5, 17, 47, 103
List the prime factors of 172139673.
3, 991, 57901
What are the prime factors of 35073420?
2, 3, 5, 584557
What are the prime factors of 3374079972?
2, 3, 4733, 59407
List the prime factors of 2459950.
2, 5, 49199
List the prime factors of 1054894597.
1054894597
List the prime factors of 890754053.
7, 29, 307, 14293
What are the prime factors of 14484704?
2, 13, 34819
What are the prime factors of 363832428?
2, 3, 113, 157, 1709
List the prime factors of 19184490.
2, 3, 5, 13, 19, 863
List the prime factors of 34725521.
19, 1827659
List the prime factors of 496855399.
496855399
List the prime factors of 246321219.
3, 47, 283, 6173
What are the prime factors of 29182456?
2, 3647807
What are the prime factors of 4683765917?
59, 653, 121571
List the prime factors of 1250881189.
61, 20506249
List the prime factors of 45391.
19, 2389
What are the prime factors of 3443449106?
2, 3617, 476009
List the prime factors of 365855639.
16673, 21943
List the prime factors of 292568733.
3, 29, 491, 761
List the prime factors of 3821911459.
3821911459
What are the prime factors of 17682903?
3, 7, 280681
What are the prime factors of 605222281?
107, 5656283
List the prime factors of 3652291745.
5, 47, 53, 83, 3533
List the prime factors of 4540980505.
5, 23, 1231, 32077
List the prime factors of 308595693.
3, 7, 1877, 7829
What are the prime factors of 522676216?
2, 337, 193871
List the prime factors of 1300672641.
3, 59, 509, 14437
List the prime factors of 109833053.
11, 19, 525517
List the prime factors of 4256884.
2, 47, 22643
List the prime factors of 118005584.
2, 7375349
List the prime factors of 69934020.
2, 3, 5, 13, 89659
List the prime factors of 413393922.
2, 3, 7655443
What are the prime factors of 181706715?
3, 5, 79, 647
What are the prime factors of 11567817?
3, 43, 71, 421
What are the prime factors of 59547798?
2, 3, 277, 1327
List the prime factors of 460839307.
460839307
What are the prime factors of 4419915922?
2, 1061, 1301, 1601
What are the prime factors of 116615897?
37, 3151781
List the prime factors of 22329988.
2, 83, 103, 653
List the prime factors of 859691470.
2, 5, 11, 23, 339799
List the prime factors of 98182957.
661, 148537
What are the prime factors of 958498822?
2, 149, 307, 10477
List the prime factors of 45731493.
3, 89, 19031
List the prime factors of 2716128.
2, 3, 9431
List the prime factors of 2638396105.
5, 527679221
What are the prime factors of 49301297?
157, 314021
What are the prime factors of 11954271?
3, 7, 569251
What are the prime factors of 677914866?
2, 3, 43, 181, 1613
List the prime factors of 3148782298.
2, 1574391149
What are the prime factors of 94450938?
2, 3, 19, 828517
What are the prime factors of 298383484?
2, 7, 2417, 4409
List the prime factors of 183322614.
2, 3, 3187, 9587
What are the prime factors of 14151382?
2, 7, 179, 5647
What are the prime factors of 515048753?
53, 9717901
List the prime factors of 60387537.
3, 7, 419, 6863
What are the prime factors of 3405012077?
3405012077
List the prime factors of 4109586555.
3, 5, 151, 439, 4133
List the prime factors of 1115091046.
2, 3931, 141833
List the prime factors of 9884428064.
2, 7, 19, 167, 13907
What are the prime factors of 217060235?
5, 7, 67, 151, 613
List the prime factors of 5487579434.
2, 787, 3486391
What are the prime factors of 1098930370?
2, 5, 109, 1008193
What are the prime factors of 35008374?
2, 3, 19, 307091
List the prime factors of 27653116.
2, 31, 223009
What are the prime factors of 855623324?
2, 401, 499, 1069
List the prime factors of 56562590.
2, 5, 7, 73, 11069
List the prime factors of 172819594.
2, 86409797
List the prime factors of 185466471.
3, 61822157
List the prime factors of 2018160569.
2018160569
List the prime factors of 213631501.
213631501
List the prime factors of 130019941.
433, 300277
List the prime factors of 52239783.
3, 17413261
List the prime factors of 568626363.
3, 457, 138251
What are the prime factors of 135817225?
5, 19, 101, 149
List the prime factors of 580915708.
2, 145228927
What are the prime factors of 2723070363?
3, 13, 69822317
List the prime factors of 148529626.
2, 7, 10609259
What are the prime factors of 3745732210?
2, 5, 11, 47, 724513
What are the prime factors of 3012081390?
2, 3, 5, 3718619
What are the prime factors of 151724449?
151724449
List the prime factors of 3358156357.
1049, 3201293
List the prime factors of 405551178.
2, 3, 7510207
What are the prime factors of 506485818?
2, 3, 47, 197, 1013
List the prime factors of 413265307.
7, 13, 131, 34667
List the prime factors of 361285774.
2, 181, 998027
What are the prime factors of 1966162331?
7, 1987, 141359
What are the prime factors of 248885803?
248885803
What are the prime factors of 22116